 2, what is -10101 + 1000110000100?
1000101101111
In base 11, what is -1483 + -47?
-151a
In base 6, what is 21 + 440143?
440204
In base 10, what is 583666 - 2?
583664
In base 7, what is 24415 + 3?
24421
In base 9, what is -758 - -84?
-664
In base 7, what is -111 + -134552?
-134663
In base 14, what is 368a + 35?
36c1
In base 15, what is -127 + aa6?
97e
In base 12, what is 9b232a - -3?
9b2331
In base 13, what is a3 + 2a0c?
2ab2
In base 9, what is -3 + -16441?
-16444
In base 10, what is -1 - 3?
-4
In base 8, what is -243 + 31256?
31013
In base 14, what is 9d532c + -4?
9d5328
In base 8, what is -103231 - -4?
-103225
In base 16, what is 4 - -17d4?
17d8
In base 10, what is 39548 - -3?
39551
In base 12, what is a + -48b?
-481
In base 11, what is 584 - 10332?
-a859
In base 13, what is -67 - 1250?
-12b7
In base 14, what is 33d69 + -5?
33d64
In base 13, what is 6 - 43a41?
-43a38
In base 14, what is -4 - 3b6a6?
-3b6aa
In base 6, what is 105 - 131135?
-131030
In base 4, what is 222033 - 302011?
-13312
In base 11, what is -2 - -2983?
2981
In base 12, what is 3 - -18839?
18840
In base 16, what is -2a604 + 0?
-2a604
In base 3, what is -211000022 + 0?
-211000022
In base 12, what is -173b99 + -5?
-173ba2
In base 10, what is -96 + 21?
-75
In base 12, what is -1 - a253?
-a254
In base 13, what is 42a6b - -2?
42a70
In base 15, what is 18 - -62c5?
62dd
In base 14, what is 1c - 4629?
-460b
In base 5, what is 3 + -10111423?
-10111420
In base 2, what is -1110 - 1011100001011010?
-1011100001101000
In base 3, what is -2002 + 120001202?
112222200
In base 10, what is 3 - -10410?
10413
In base 4, what is 1303211 - -203?
1310020
In base 8, what is 26353 - 34?
26317
In base 13, what is 3 + 501b?
5021
In base 8, what is -13 + 271760?
271745
In base 5, what is 300130 - -243?
300423
In base 2, what is 111101000100 - 10000?
111100110100
In base 13, what is 14 + -18097?
-18083
In base 2, what is 10010 - 100100010001010?
-100100001111000
In base 10, what is 651 + 2?
653
In base 10, what is -469 + -1411?
-1880
In base 13, what is 1335 + 12?
1347
In base 9, what is -103 - 753?
-856
In base 2, what is 101 + -100111010100000?
-100111010011011
In base 5, what is -1322042 + -1?
-1322043
In base 14, what is -29 + 7533?
7508
In base 12, what is -14220a + 1?
-142209
In base 15, what is 72b1d - 10?
72b0d
In base 5, what is -44323323 - 12?
-44323340
In base 6, what is 1005151 - 20?
1005131
In base 14, what is -2 + -78b29?
-78b2b
In base 7, what is -144 - -1156?
1012
In base 7, what is -3051 + -2?
-3053
In base 4, what is 121 + 10103101?
10103222
In base 14, what is -1 - -7649?
7648
In base 14, what is 824 + -1?
823
In base 2, what is 11101 + -1111111011?
-1111011110
In base 16, what is 3 + 2dd4e?
2dd51
In base 15, what is -46 - -646?
600
In base 5, what is 33234211 - -3?
33234214
In base 2, what is -1111001011011 - 100011000?
-1111101110011
In base 10, what is -213 + 8?
-205
In base 6, what is -2 + 1300342?
1300340
In base 13, what is 2 - -922c?
9231
In base 14, what is -2 - -1acc2?
1acc0
In base 5, what is 3333323 - 3?
3333320
In base 12, what is 4 - 82a22?
-82a1a
In base 7, what is 5 - -206260?
206265
In base 13, what is 1 + 32a?
32b
In base 4, what is -10123 + -321?
-11110
In base 13, what is -27 - -56a?
543
In base 3, what is 21222020 - -1002?
22000022
In base 8, what is -40553 + 30?
-40523
In base 12, what is -1415b + 5?
-14156
In base 5, what is 121200 + 4?
121204
In base 16, what is -b - -202b2?
202a7
In base 6, what is 22443141 + 1?
22443142
In base 6, what is 3123352 - 1?
3123351
In base 15, what is -1 + 2dd6?
2dd5
In base 5, what is 1 + -22422223?
-22422222
In base 9, what is 314188 + 11?
314210
In base 14, what is -4 + 1867?
1863
In base 5, what is -422 + -412?
-1334
In base 10, what is 111570 + 9?
111579
In base 16, what is ffcc + 1?
ffcd
In base 3, what is -20111011 + -22?
-20111110
In base 7, what is 10626 + 2?
10631
In base 7, what is 440 + 13?
453
In base 5, what is 4403 - 12303?
-2400
In base 8, what is 264 + 213?
477
In base 3, what is 100110101 + -10?
100110021
In base 15, what is 1484e0 + -8?
1484d7
In base 12, what is -460 - -9a?
-382
In base 9, what is 588400 - -2?
588402
In base 5, what is 1010 + -11?
444
In base 15, what is 19 + c2d?
c47
In base 10, what is 19694 - -15?
19709
In base 15, what is -254 - -77?
-1cc
In base 13, what is -1827 - 14?
-183b
In base 11, what is 11 - -1837?
1848
In base 3, what is -201 - -110002102102?
110002101201
In base 5, what is -12243 + -10?
-12303
In base 12, what is 46b0b + 49?
46b58
In base 8, what is 4 + 1141576?
1141602
In base 4, what is -33010 + 13323?
-13021
In base 7, what is -1 + 1162132?
1162131
In base 14, what is -2 + 78c58?
78c56
In base 8, what is 2216252 - 4?
2216246
In base 4, what is 1132122123 - 0?
1132122123
In base 11, what is 11972 + 3?
11975
In base 6, what is -10321 + 201?
-10120
In base 7, what is -15 + -5232?
-5250
In base 15, what is -c + -ca?
-d7
In base 11, what is 0 - -a054?
a054
In base 9, what is 33822 - -13?
33835
In base 3, what is 1120011001 - -1102?
1120012110
In base 3, what is 121 - 11110112?
-11102221
In base 15, what is 3 - 4a2c?
-4a29
In base 7, what is 1535451 + 3?
1535454
In base 12, what is 6a + -2748?
-269a
In base 11, what is -59 - -2572?
2514
In base 6, what is -1421122 - 0?
-1421122
In base 14, what is -1389b6 - 0?
-1389b6
In base 15, what is 12 + 1835?
1847
In base 2, what is 10101000 - 1000000110?
-101011110
In base 16, what is -1d - -1871?
1854
In base 14, what is -1 - 4967?
-4968
In base 6, what is -42213 + -35?
-42252
In base 6, what is 553 + -5321?
-4324
In base 2, what is -101 + -10001110001101101?
-10001110001110010
In base 7, what is -10 + -46212?
-46222
In base 6, what is 14 + 10332?
10350
In base 15, what is -e + 487d?
486e
In base 13, what is -2b - -950?
922
In base 9, what is -4 - 17231?
-17235
In base 5, what is -4130231 + 4?
-4130222
In base 2, what is -11001010101110001 + 101?
-11001010101101100
In base 5, what is 1033 - -331?
1414
In base 11, what is -1138a81 - -2?
-1138a7a
In base 13, what is 1a88 + -bc?
1999
In base 2, what is -101 + 10111000001000110111?
10111000001000110010
In base 5, what is -301011411 - 2?
-301011413
In base 14, what is -17a9 + 1?
-17a8
In base 12, what is -a060a - 3?
-a0611
In base 2, what is 1000 - 10110110100011011011?
-10110110100011010011
In base 15, what is -228 + 32d?
105
In base 16, what is 1 + -2167e?
-2167d
In base 2, what is -110001110 + 1000000?
-101001110
In base 3, what is -11 - -11201120221?
11201120210
In base 5, what is -20 - 144140?
-144210
In base 13, what is 18352 - -4?
18356
In base 2, what is 110 + 11110011011110100?
11110011011111010
In base 15, what is -1 - 10729?
-1072a
In base 6, what is 5203 + 4033?
13240
In base 12, what is 220681 - 5?
220678
In base 4, what is 10 + 1001110020?
1001110030
In base 16, what is 4e7a - 7?
4e73
In base 5, what is 2123402 + 23?
2123430
In base 2, what is -100100 + -110001110101011?
-110001111001111
In base 14, what is 0 - da5d?
-da5d
In base 8, what is -715551 - 5?
-715556
In base 8, what is 251361 + 26?
251407
In base 4, what is -332 + 2032321?
2031323
In base 11, what is 0 + 1064?
1064
In base 5, what is 10313023 - -1?
10313024
In base 6, what is -43 + -144225?
-144312
In base 15, what is 0 + -283b?
-283b
In base 13, what is -133 - -59?
-a7
In base 14, what is 3 + 3b61?
3b64
In base 10, what is 32219 + 2?
32221
In base 6, what is -3442 + -23030?
-30512
In base 4, what is -30111 + -120?
-30231
In base 8, what is -5 + -122663?
-122670
In base 10, what is 2 + 381?
383
In base 11, what is -2 + -4697a?
-46981
In base 4, what is -11 + 1002020002?
1002013331
In base 12, what is -b5 - 13407?
-13500
In base 12, what is 1 + 899b5?
899b6
In base 9, what is 8 - -5260?
5268
In base 2, what is -1 + -100111100101011000?
-100111100101011001
In base 9, what is 3 + -230045?
-230042
In base 13, what is -c - -1b1?
1a2
In base 14, what is 5 + 48a03?
48a08
In base 9, what is -12 + -1524?
-1536
In base 10, what is -20 - -315?
295
In base 2, what is 0 + -10010100000001?
-10010100000001
In base 4, what is 3103 + -3230?
-121
In base 14, what is 1d9b1c - -3?
1d9b21
In base 16, what is -41cd1 + 0?
-41cd1
In base 9, what is 2564 + -16?
2547
In base 12, what is 186255 - 2?
186253
In base 2, what is 110010110000 - 100101